pose 5*h - 25 = -5*s, -7*h + s = -6*h - 15. Suppose -4*x = -4*m + 20, -2*m + 8 = -4*x - 6. What is the remainder when -2 + (m - 2)*49 is divided by h?
7
Suppose -4*m + 4*b + 14 = -2*m, 0 = 2*b + 2. Suppose -m*z = k + 67 - 206, -3*z - 4*k = -80. Calculate the remainder when 109 is divided by z.
25
Let i = 775 - 739. What is the remainder when 58 is divided by i?
22
Let s be 0 + 0 + 1 + 0. Let g = 737 + -729. What is the remainder when -3*(-46)/6*s is divided by g?
7
Let s(l) = -2*l**3 - 4*l**2 - 2*l - 1. Suppose 892*z - 877*z - 3031 + 1006 = 0. What is the remainder when z is divided by s(-3)?
20
Suppose -177 = -7*d + 3*d - f, 0 = d + 4*f - 63. Let u = 61 - d. Calculate the remainder when 141 is divided by u.
15
What is the remainder when 3740/75 + 2/15 is divided by (-4)/(-6)*78/4?
11
Let t = -129 - -147. Calculate the remainder when 43 is divided by t.
7
Suppose 4*x = -p + 162, 125 = x + 2*x - p. Let y be 23 + 3 + -2 + -3. Let l = -10 + y. What is the remainder when x is divided by l?
8
Let f(a) = -a**2 + 8*a + 11. Let j be f(9). Suppose 32 = j*h - 0*h. What is the remainder when 143 is divided by h?
15
Let v = -2754 - -2769. Calculate the remainder when 369 is divided by v.
9
What is the remainder when 103 is divided by 4700/150 - (-1)/(-3)?
10
Let l = 88 - 61. Suppose -5*q + l + 48 = 0. What is the remainder when 54 is divided by q?
9
Let m = -25 - -54. Let k = 50 + -41. Let c = k + 1. Calculate the remainder when m is divided by c.
9
Let r = 46 + 33. Calculate the remainder when r is divided by (4 + -20)*-1*1.
15
Suppose 11 = r + 3*c, -11 = -4*r + c + 72. Let d(u) = -r + 2*u - 7 + 6 - 3. What is the remainder when 5 is divided by d(13)?
1
Suppose -x - 5*v - 5 = -0, 0 = -3*v. Let h(i) = i**2 + 5*i - 2. Let g be h(x). Calculate the remainder when 3/(g - 84/(-40)) is divided by 8.
6
Let p(k) = -k**3 + 2*k**2 + 12*k - 2. Let f be p(5). Let u(s) = s**3 + 17*s**2 - 6*s - 10. What is the remainder when u(f) is divided by 32?
28
Suppose -5*r - 21 = -1. Let h(a) = -6*a - 13. Calculate the remainder when 32 is divided by h(r).
10
What is the remainder when 1*(4*2)/((-52)/(-3094)) is divided by 18?
8
Suppose 2*a + a = 0, 2*j = -4*a + 22. Let u(p) = 3*p**3 + 192*p**2 + p + 94. Calculate the remainder when u(-64) is divided by j.
8
Let z(a) = a**3 - a**2 - 11*a - 2. Suppose -3*d + w = -9 - 28, 0 = -2*w - 8. Calculate the remainder when z(5) is divided by d.
10
Suppose -4*u - 13 = -65. Suppose 5*q + 0 = 20. Suppose -q*f + f + 24 = 0. What is the remainder when u is divided by f?
5
Suppose 4 = j + 1. Let z = 28 + -21. Suppose j*p = 2*p + z. Calculate the remainder when 11 is divided by p.
4
Calculate the remainder when 63 is divided by (34/3 + -4)*(-60)/(-8).
8
Let k(d) = d**2 + 11*d + 40. Calculate the remainder when (-1 - 0) + (0 - -146) is divided by k(-10).
25
Suppose 220 = 4*s - 4*y, -s + 17 = -2*y - 33. Suppose p + 3*p - s = 0. Let a = 34 - p. Calculate the remainder when 53 is divided by a.
15
Let i(s) = -s + 19. Let t be i(17). Suppose -10 = -t*o - 0*o - 2*h, -14 = -2*o - 4*h. What is the remainder when 10 is divided by o?
1
What is the remainder when 10/(100/10)*58 is divided by 11?
3
Let p(v) = -3*v - 18. Let w be p(-6). Let l be 0/(w/(-1) - 3). Suppose -z + 5*b = -78, l = -z + 5*z - 5*b - 282. What is the remainder when z is divided by 23?
22
Suppose 5*q + 2 = 2*s - 34, 4*s - 72 = -2*q. What is the remainder when 52 is divided by s?
16
Let z be -48 + 1*(0/(-1) - -3). Let s = 17 - z. Calculate the remainder when s is divided by ((-6)/4)/((-1)/14).
20
Let v = -150 - -160. Calculate the remainder when v is divided by 6.
4
Let p(n) = -n**3 - 4*n**2 - 3*n - 1. Let r be p(-3). Calculate the remainder when (-2)/(3 + r)*-17 is divided by 4.
1
Let k be 0/((-3)/1) - 103. Let m = -80 - k. What is the remainder when 65 is divided by m?
19
Let h = 625 + -610. Calculate the remainder when 73 is divided by h.
13
Let a = -94 - -326. Calculate the remainder when a is divided by 36.
16
Let c(m) = -m**3 + m**2 + 30*m - 16. What is the remainder when 235 is divided by c(5)?
31
Suppose -2*d = 5*f - 127, -3*d + 219 = -f - f. Let z be 3*5*((-18)/(-10))/3. Suppose -10*s + z*s = -d. Calculate the remainder when s is divided by 18.
17
What is the remainder when 2/2 + (995 - -17) is divided by 39?
38
Suppose -2*k = 3 + 17. Let m be (-5)/((-10)/34) - 1. Let f = k + m. What is the remainder when f is divided by 2?
0
Let g be (5 + 0)/5 + 1*15. Suppose 0 = 5*h - c - 58 + 4, -g = 4*c. What is the remainder when 21 is divided by h?
1
Let u be 4*(1 + 142 - -3). Let c = u - 334. Suppose -60 = 2*y - c. Calculate the remainder when y is divided by 24.
23
Suppose 5*z + 5*v = 0, -3*v - 42 = 28*z - 31*z. Suppose 0 = -3*p - 0*p + 96. Calculate the remainder when p is divided by z.
4
What is the remainder when 167 + 4/(-6) + (-63)/27 is divided by 8?
4
Let x(i) = i**2 - 3*i + 3. What is the remainder when x(3) is divided by (2/4)/(1/2)?
0
Let d be 4/6 + -4*7/42. Suppose d*y = 3*y - 2*u - 26, 0 = 3*y - u - 25. Calculate the remainder when y is divided by 5.
3
Let n(s) = s**3 + 5*s**2 + 4*s + 6. Suppose 4*v + 3 = 4*q + 19, 3*q = -v - 12. Let j be n(q). What is the remainder when 49 is divided by 79/j + (-7)/42?
10
Let y = 23 - 20. Suppose 33 = y*k - 15. Calculate the remainder when 41 is divided by k.
9
Suppose -13*h = -15*h + 6. Suppose -3 + 36 = h*x. Calculate the remainder when 74 is divided by x.
8
Let p(d) = 2*d - 4. Let t be p(12). Suppose -4*n - 2*h + t = -h, 0 = -4*h. Let j(f) = f**2 - f - 2. Calculate the remainder when 71 is divided by j(n).
17
Suppose 0 = -70*p + 59*p + 352. Let k = 8 - -52. Calculate the remainder when k is divided by p.
28
Let w = 3214 + -1919. What is the remainder when w is divided by 81?
80
What is the remainder when 322 is divided by 3/(45/(-6)) + 388/20?
18
Suppose -3*f + 5*z - 4 = -6, -10 = -2*z. What is the remainder when 188 is divided by f?
8
Let k(m) = -7*m - 2. Calculate the remainder when 7/(-14) + 0 + (-309)/(-6) is divided by k(-4).
25
Let o = -42 + 45. What is the remainder when 76 is divided by (-4 + o)/(2/(-82))?
35
Suppose 2940 - 2814 = 7*c. Calculate the remainder when (-2 + 4 + -1)*71 is divided by c.
17
Let p be ((-12)/(-10))/((-18)/(-60)). Suppose 22 = p*o - 26. Suppose o = -4*d + 52. What is the remainder when 39 is divided by d?
9
Let t(m) = 2*m + 4. Let c be t(-8). Calculate the remainder when 43 is divided by (9/(-4))/(c/80).
13
Let j(c) = c**2 - 12*c + 56. Calculate the remainder when 79 is divided by j(6).
19
Suppose 11*l = -7 - 4. Let f(x) = -22*x - 3. Calculate the remainder when 70 is divided by f(l).
13
Let u(o) = -2*o**3 - 6*o**2 - 9*o - 1. Let z = 49 + -39. What is the remainder when u(-3) is divided by z?
6
Suppose z - 17 = -2*x - 0*z, -z = 4*x - 31. Let y = 14 - x. What is the remainder when 25 is divided by y?
4
Suppose 5*n + 65 = -x, n + 3*x - 2 = -15. Let z(r) = 14*r + 2*r**2 - r**2 + 8 + 11 - 2*r. Calculate the remainder when 93 is divided by z(n).
29
Suppose 0 = 2*q + 2*q - 4. Let l(f) = 69*f + 2. Let r(i) = i**2 + 3*i - 4. What is the remainder when l(q) is divided by r(4)?
23
Let y be ((-2)/(-5))/((-4)/(-320)). Suppose -7*w = -11*w + 180. Calculate the remainder when w is divided by (1/(-2))/((-1)/y).
13
Suppose -6*f - 251 + 35 = 0. Let y = -29 - f. What is the remainder when (0 + 36)*1/2 is divided by y?
4
Suppose 9 = -3*i - 21. Let v be (-3)/(-5) + (-124)/i. Suppose -v - 31 = -k. Calculate the remainder when k is divided by 15.
14
Let p(b) = -8 + 0*b - 4*b + b + 4*b. Let q be p(4). What is the remainder when (q*2)/(4/(-18)) is divided by 13?
10
Suppose -3*d = 4*r - 216, d + 160 = 3*r - 15. Suppose 5*z - 10*z = -m + 2, 54 = 5*m - 3*z. What is the remainder when r is divided by m?
9
Suppose 16 = 3*o - 17. Suppose -70 = -v - 7. Calculate the remainder when v is divided by o.
8
Calculate the remainder when 124 is divided by 1/(7*(-3)/(-273)).
7
Suppose 2*j - 7 = 5. Let g be 2/j + 28/6. Suppose -i = b - 2*i - 13, 0 = g*b + 3*i - 25. What is the remainder when 30 is divided by b?
6
Let c(d) = 2*d - 5. Let u(y) = -y - 1. Let l(g) = -c(g) + 6*u(g). Calculate the remainder when l(-10) is divided by 20.
19
Let h be -2*(-1 + 0)/2. What is the remainder when 24 - -1 - 6/6 is divided by (-18)/(-1*3 + h)?
6
Let p be 4/(-1